ime number?
True
Let w = 2 - -1. Suppose v - 442 = -w*r - 158, -194 = -2*r + 4*v. Is r composite?
True
Suppose -o = 3*o. Suppose o = -2*j - 2*j + 1052. Is j composite?
False
Suppose -5*d - 36 = -11. Let y(q) = -32*q + 6. Let h be y(d). Is (4/2)/2 + h a composite number?
False
Suppose -885 = -5*c - 4*u, 5*u + 158 = c + 2*u. Suppose 5*w - c = -28. Suppose -w = -b - 7. Is b prime?
False
Let b = -53 - -86. Suppose -5*p = -b + 13. Suppose 2*h + 2*y - 67 = 3*y, p*y - 12 = 0. Is h prime?
False
Let l(s) = -s**3 - 7*s**2 - 7*s - 7. Let a be l(-6). Let q be 19/((-5)/(-4) + a). Suppose 4*j = -0*j + q. Is j a prime number?
True
Let c = -16 - -11. Let t(m) = -5*m**3 - 4*m**2 - 3*m + 1. Is t(c) prime?
True
Suppose 2*m = -2*m. Let y(t) = t + 226. Is y(m) a composite number?
True
Let v = -1 - -2. Suppose 2*z - 5 = v. Suppose z = 5*r - 7. Is r composite?
False
Let m(x) = -2 - 148*x**2 + 1 + 228*x**2. Is m(-1) a composite number?
False
Let o(c) = c**2 + 2. Let p be o(0). Suppose 0 = -2*b - 3*h - 10, -p*h - 10 = 2*b - 3*h. Let g(m) = 6*m**2 + 5*m + 2. Is g(b) a prime number?
True
Suppose 4*f + 2*o = -56, -2*o = -0*f + 3*f + 44. Let z = -58 + 89. Let x = f + z. Is x composite?
False
Suppose -2*t - 4 = -10. Let x = t - -10. Is x/3*(-1 + 4) a composite number?
False
Let l(r) = -191*r**2 + r - 1. Let v be l(2). Let n = 1592 + v. Is n prime?
True
Let q(k) = 44*k**2 - 4*k + 1. Let a be q(3). Let v = a + -166. Let m = -124 + v. Is m prime?
False
Suppose -2*m + 350 = -596. Is m a prime number?
False
Let l(x) = 3*x**2 - 11*x + 9. Let f(k) = 6*k - 5. Let p be f(2). Is l(p) a prime number?
True
Let n(v) = 10*v**2 - 5*v + 23. Is n(8) composite?
True
Let k(b) = 52*b**2 + 2*b - 1. Let r(l) = -51*l**2 - 3*l + 1. Let g(j) = 4*k(j) + 3*r(j). Let o = -15 - -14. Is g(o) composite?
True
Let x(p) = -p**3 - 4*p**2 - 4*p - 1. Let f be x(-3). Let h(k) = k**3 - 4*k - 5 + k**f + 3*k**2 - 4*k + k. Is h(-4) a prime number?
True
Suppose 0 = j + 2 - 3, -2*j - 2 = -p. Suppose 71 = 5*q - 349. Suppose 0*n - p*n = -q. Is n composite?
True
Is 13327/6 + (-1)/6 a composite number?
False
Suppose -2*g + r = -981, 935 + 44 = 2*g - 3*r. Is g composite?
False
Suppose 2*p - 16 = -2*p. Suppose -p*n + 161 = -227. Is n a prime number?
True
Let a be 10/10*6/2. Is (0 - 1)/(a/(-699)) a composite number?
False
Let h be (44/(-8))/(2/4). Let t = 8 + h. Is (94/t)/(8/(-12)) a composite number?
False
Is (-2 + 1)/(-2)*(8 + 98) a prime number?
True
Let d be (2 + (-6)/4)*0. Suppose d*p + 93 = 3*p. Suppose -4*r - 4 + p = 5*t, r + 16 = 2*t. Is t a prime number?
True
Suppose -8*h + 767 + 489 = 0. Is h prime?
True
Let w(c) = c**3 + 5*c**2 + 3*c - 3. Let b(u) = -u**3 + u**2. Let k(o) = 2*b(o) + w(o). Is k(6) a composite number?
True
Suppose -9*j + 33804 = -12951. Is j prime?
False
Suppose -702 - 1341 = -3*t. Is t composite?
True
Let k(d) be the second derivative of d**4/6 + d**3/3 + 7*d**2/2 + 2*d. Let b be 1*5*1*-1. Is k(b) a prime number?
True
Let t(g) = -124*g - 5. Let m(a) = 1241*a + 51. Let n(x) = -5*m(x) - 51*t(x). Is n(1) prime?
False
Suppose 2*r - 3*r + 6 = 0. Suppose -3*s = -9 - r, -55 = -3*y - 5*s. Is y prime?
False
Is 16/8 - -33*7 a composite number?
False
Let k = 7 - 2. Suppose -k*c + 62 = -2*b + 14, -5*c - 4*b = -54. Let u = c + 49. Is u a composite number?
False
Let j(l) = 77*l**2 - l + 3. Is j(2) composite?
True
Let k(y) be the third derivative of y**6/120 + 11*y**5/60 + 5*y**4/24 + 3*y**3/2 + 4*y**2. Is k(-10) a composite number?
False
Let j(p) = -2*p**3 - 4*p**2 - 9*p - 12. Is j(-7) a composite number?
False
Let x = -17 + 27. Suppose -x = -2*i - 2. Suppose 0 = y - i*y + 381. Is y composite?
False
Let b = 82 - 35. Let z = b - 26. Is z prime?
False
Let y(i) = -7*i**3 - 11*i**2 - 2*i - 7. Let t(b) = -13*b**3 - 21*b**2 - 4*b - 13. Let h(n) = 6*t(n) - 11*y(n). Let l be (-4 - -1) + (-5 - -2). Is h(l) prime?
True
Is (5570/(-60))/(1/(-6)) a composite number?
False
Let n(k) = 52*k - 3. Let a(g) = g**2 - 6*g - 11. Suppose 2*t = 2*u - 18, 42 = 5*u - 3*t + t. Let h be a(u). Is n(h) prime?
True
Let v be (7/(-21))/(1/(-15)). Suppose 3*o = o - 8, v*o + 16 = -p. Suppose -a + 230 = p*a. Is a composite?
True
Let x(j) = j - 2. Let l be x(6). Let t(c) = 2*c - 2. Let d be t(l). Is (d/(-9))/(6/(-99)) composite?
False
Let f = -58 - -25. Let b = f - -64. Is b a composite number?
False
Suppose 2563 = 2*q - 559. Is q composite?
True
Let g be (-1)/1 - (-2 - 1). Suppose -4*o + 118 = g*k + 24, o + 5 = 0. Is k composite?
True
Suppose c - 110 - 63 = 4*f, -20 = -4*c. Is f/8*(-2 + -2) composite?
True
Let s(z) = -158*z**3 - 2*z**2 + 1. Is s(-1) a composite number?
False
Let t(b) be the third derivative of -b**5/60 - b**4/4 - b**3/3 + b**2. Let o be t(-4). Suppose o*j - 4*j - 46 = 0. Is j a prime number?
True
Let d be (-5 - 0 - -3) + 5. Suppose -620 = -5*o + 3*w, 6*w + 356 = d*o + w. Is o composite?
False
Suppose -g = -4*a - 2*g + 18, 3*a = 2*g + 8. Let n be ((-3)/4)/(a/(-16)). Is 7 + n + -1 + -2 a prime number?
True
Let k be (1 + -3 + -3)*-13. Suppose 5 = 5*w + k. Is (8/w)/(6/(-189)) prime?
False
Suppose 4 = -4*x - 4*q - 0, 0 = 4*x + q - 8. Suppose x*v + 2*v - 3755 = 0. Is v a composite number?
False
Suppose h + 4 = -3*h. Is 411/18 + h/(-6) prime?
True
Let x(a) = a - 4. Let w be x(10). Is (-223)/(-6) - 1/w a prime number?
True
Suppose k + 5 = 4*m - 8, -4 = 4*k - 4*m. Suppose k*f - 3*t = 66, 3*t - 74 = -3*f + 2*t. Suppose 0 = p - f - 55. Is p composite?
False
Let x be (-170)/(-60) - (-2)/12. Suppose 61 = 2*u + x*z - 2*z, 4*z = 3*u - 119. Is u composite?
True
Let y(r) = -r**3 - 7*r**2 - 8. Let c be y(-7). Let l = c - -63. Let w = l + -24. Is w prime?
True
Let k = 1036 + -25. Is k a composite number?
True
Let k(u) = -2*u - 9. Is k(-11) composite?
False
Suppose -p = 5*a + 90 - 388, -1461 = -5*p + 4*a. Is p a composite number?
False
Suppose 2*y + 3*y - 55 = 0. Is y a prime number?
True
Suppose 5*y - 14 = 1. Is 3/(3/y) + 116 a composite number?
True
Let l(q) be the second derivative of -q**6/360 - q**5/40 + q**4/12 + 3*q. Let w(x) be the third derivative of l(x). Is w(-6) prime?
False
Let a(v) = v**3 + 7*v**2 + 3*v + 11. Is a(6) prime?
False
Let z = -50 - -457. Is z a prime number?
False
Suppose 0*q - 4*q = -20. Let u(s) = 70*s + 11. Is u(q) prime?
False
Suppose 0 = -9*l + 433 + 5624. Is l prime?
True
Let p = -295 - -654. Is p composite?
False
Let a be 13 + 6*(-3)/6. Is 314/a + (-4)/10 composite?
False
Let i(q) = -q**3 - 4*q**2 + 1. Let g be i(-4). Let m be 1/g - 1 - -116. Let t = m - 23. Is t prime?
False
Let r(s) = -7*s + 25. Is r(-14) a composite number?
True
Let t(y) = -y**2 - 10*y - 4. Let v be t(-7). Let m = -8 - 2. Let n = v + m. Is n a composite number?
False
Let t(v) = v**2 - 5*v + 6. Let h be t(5). Let c(u) be the second derivative of u**3/3 + 3*u**2/2 + u. Is c(h) prime?
False
Let d(h) = 3*h + h**2 - 5*h + 5 - h**2 + 2*h**2. Let n be d(-6). Suppose -j = -0*j - n. Is j a composite number?
False
Suppose 0 = 4*q - 0*q - 11684. Is q composite?
True
Let y(z) = -z**3 + 7*z**2 - 3*z - 3. Suppose 5*q = -5*n + 25, 5*n = -2*q - 4 + 17. Is y(q) composite?
True
Let r(o) = o + 1. Let y(p) = -p - 8. Let s(h) = -3*r(h) - y(h). Is s(-8) a prime number?
False
Suppose -10*b = -5*b + w - 15809, -12652 = -4*b - 2*w. Is b composite?
True
Let i = -24 - -41. Let x = -10 + i. Suppose -x = 5*y + 2*q - 196, 0 = -5*y + 2*q + 181. Is y a composite number?
False
Suppose 0 = -0*j + j - 4. Is (-1)/(j/(-11))*4 composite?
False
Let k = -13 - -34. Suppose 72 = 4*m - 4*i, -2*m - 2*i + k = i. Suppose -m = -5*q + 80. Is q a prime number?
True
Suppose 9 = -3*f - 2*j + 126, 0 = 3*f + 5*j - 117. Is f prime?
False
Suppose 6*i - 1715 = 2323. Is i a prime number?
True
Let h = 1098 + -649. Is h a prime number?
True
Let l(g) = 7*g + 5 + 6*g - 1. Is l(7) composite?
True
Let v be (1/(-2))/(4/(-56)). Is 1/v - 1368/(-28) a composite number?
True
Suppose -3*s + 396 = -7*s - 4*d, 3*d = -4*s - 391. Let x = s - -30. Let a = 119 + x. Is a prime?
False
Let j(r) = r**2 - 4*r + 6. Let k be j(4). Suppose -3*x = -k*x + 45. Is x prime?
False
Let b(o) = 40*o. Let n be b(1). Let f = 63 - n. Is f a composite number?
False
Let c = 64 - -3253. Is c a composite number?
True
Let z(p) = -21*p - 4. Is z(-3) prime?
True
Suppose 304 = 3*r - 3*j - 23, r = 5*j + 113. Suppose -104 = -2*n + r. Is n compo